 + 2*z**2 - 3*z - 1. Determine n(o).
-1
Let g(c) = 3*c - 58. Let x(u) = -2*u + 40. Let f(z) = -5*g(z) - 7*x(z). Give f(14).
-4
Let t(x) = -5*x - 5. Let y(b) = -11*b - 11. Let n(r) = -7*t(r) + 3*y(r). Let s be n(1). Let j(z) = -z**2 + 5*z + 2. Let c be j(s). Let w(h) = h. What is w(c)?
6
Let j(t) be the second derivative of -t**5/20 - t**4/4 + t**3/6 - 2*t**2 + 3*t. Let n(s) = 2 + 59*s - 27*s - 31*s. Let q be n(-5). What is j(q)?
-7
Suppose -2*x = 5*d - 5*x - 14, -5*x + 30 = 5*d. Let s(o) = o + 1. Let i(j) = -7*j - 6. Let l(q) = d*s(q) + i(q). Calculate l(-3).
7
Let p(q) be the second derivative of -q**3/6 + 9*q**2/2 + q. Let i(m) = 18*m + 940. Let v be i(-52). What is p(v)?
5
Let i(p) = -194 + 13*p + 628 - 191 - 209. Give i(-3).
-5
Let i(x) = -x**2 + x - 6. Let j(n) = -n**2 + n - 5. Let t(z) = 3*i(z) - 4*j(z). Let m = -23 - -20. What is t(m)?
14
Suppose -2*l = 5*n - 24, 0*l = n + 3*l - 10. Suppose -12 = 2*b - 4*b. Let x(s) = 4*s**2 + 7*s + 6 - b*s - 4 - s**3. Determine x(n).
6
Let n(l) = -3*l + 2*l - 61*l**2 - 15 + 129*l**2 - 69*l**2. Give n(0).
-15
Let o(w) = 5 + 7 - w - 13. Let u(z) = -z - 4. Let j be u(-6). Suppose -2*i = 8 - j. What is o(i)?
2
Let w(u) be the second derivative of u**5/10 - u**4/12 + 5*u**3/3 - u**2 + 30*u. Let j(n) = n**3 - n**2 + 5*n - 1. Let p(i) = -9*j(i) + 4*w(i). Give p(4).
-3
Let r be -1*(-8 + 1)*12/(-14). Let h(m) = m**3 + 4*m**2 - 4*m - 6. Let w(j) = j**3 + 4*j**2 - 4*j - 5. Let q(a) = r*w(a) + 5*h(a). Determine q(-5).
5
Let w(p) = 34*p**2 + 4. Let t be w(0). Let g(m) be the third derivative of 1/24*m**4 - 1/3*m**3 - t*m**2 + 0 + 0*m. Calculate g(-6).
-8
Let z be (-3)/(10*12/200). Let r(k) = -k**2 - 10*k - 22. Give r(z).
3
Let k(b) = 3*b**2 - b**3 - b**3 + b - 2*b**3 + 3*b**3 + 3. Give k(3).
6
Let x(d) = 3*d - 39. Let n be x(15). Let t(a) be the second derivative of 2*a + 1/6*a**3 + 0 + 1/20*a**5 - 1/2*a**4 - 2*a**2. Give t(n).
2
Let k(s) = -s**3 + 5*s**2 + 23*s + 14. Let i be k(8). Let m(l) = 1. Let v be -1*(6/(-1) - 0). Let w(b) = b + 1. Let z(o) = v*m(o) - w(o). Determine z(i).
-1
Let a(v) be the first derivative of 1/3*v**3 - 1 + 3*v - 3/2*v**2. Suppose 0 = 1344*j - 962*j - 764. What is a(j)?
1
Let b be 75/40 - 3/(-24). Let a = b + 2. Let j(y) be the second derivative of y**4/12 - 5*y**3/6 + 3*y**2/2 + 2*y. Give j(a).
-1
Let b = -21 - -15. Suppose 2*o + 4 = 4*y, 0 = -2*o + 5 + 3. Let p(f) = -70*f + 36*f + 35*f + y. Determine p(b).
-3
Let c(n) = n**2 - n - 1. Let k be c(-1). Let m(u) = 90*u**2 - 89*u**2 + 30 - 29. What is m(k)?
2
Suppose 0 = 11*j + 265 - 155. Let l(v) = 2*v + 15. Calculate l(j).
-5
Let h(d) = 2*d - 5. Suppose -5*x = 3*p - 315, x - 33 - 38 = p. Suppose 4*c - x = c. Let m = -18 + c. Calculate h(m).
3
Let i(j) = j**2 + 10*j - 7. Let f(g) = -g**2 + 16*g - 58. Let h be f(12). Give i(h).
-7
Let u(v) = -2*v**3 + 7*v**2 - 3 - 5*v - 3*v + 4*v + v**3. What is u(6)?
9
Let x be ((-2)/(-5))/(18/60)*9. Let n be (-111)/(-21) - x/42. Let v(m) be the third derivative of m**5/60 - m**4/12 - m**3 + 2*m**2. What is v(n)?
9
Let o = 1 + 6. Let y(q) = -2*q**2 + o*q**2 - 4*q**2 - 2*q + 3. Calculate y(4).
11
Let a be -10*((-9)/6 + 1). Suppose l = -2*l + a*t - 9, t - 13 = -5*l. Let j(p) = -p**3 + 2*p**3 - l*p**2 - 2*p + 2 - 3 - p. What is j(-2)?
-11
Let g = -37 + 14. Let s = g + 27. Let o(c) = -1 - c**2 - s + 0 - 8*c + 0. Determine o(-6).
7
Let z be ((-88)/264)/((-3)/(-18)). Let c(d) be the first derivative of 2*d**3/3 + 2*d**2 + 3*d + 1. What is c(z)?
3
Suppose -4*h + 92 = 4*q, -2*q = 4*h + 1 - 87. Suppose -h*b + 24*b = 20. Let a(k) = k**3 - 5*k**2 + k - 6. Determine a(b).
-1
Suppose 2*u - 13 = 1. Suppose 0 = 5*v + 15, -2*g - v = -0*v + u. Let o(f) be the first derivative of 7*f**2/2 - f - 48. Calculate o(g).
-15
Suppose 2*l - l + 24 = 5*n, 3 = n - 2*l. Suppose -2*d + 204 - 64 = 0. Let s(c) = 68 + d - 204 + 63 + 2*c. What is s(n)?
7
Let s = -10 - -12. Suppose -s*m = -4*m. Let l(x) = -2*x**2 + 5*x**2 + 2 + x**3 + m*x**2. Calculate l(-3).
2
Let s(b) = -2*b**2 + b + 1. Let f(v) = 11*v**3 + 10*v**2 - 5*v - 4. Let c(l) = -f(l) - 4*s(l). Calculate c(1).
-12
Let c(i) = -4*i - 7. Suppose -4 - 2 = 2*v + 2*k, -3*k - 2 = 2*v. Give c(v).
21
Let z(d) = -2*d + 3*d**2 + 1 + d**3 + 5 - 10*d**2. Let w = -14 + 21. What is z(w)?
-8
Suppose 24 = 2*a - 2*n, 0*n - n = 0. Let b = -5 + a. Let k(j) = 0*j - b + j + 5 + 1. Give k(-5).
-6
Let b(j) = j**2 - 4*j - 2. Let x = 6 - 4. Let m = x - -3. Let k be m - -2*(-1)/2. What is b(k)?
-2
Let d(n) = -4*n - 5. Let m be d(-2). Let g(w) = 4*w**2 - 5*w + 4. Calculate g(m).
25
Let r(u) = -4*u - 3*u + u**2 + 1882 - 1876. What is r(4)?
-6
Let y(s) = -2*s**3 + 24*s**3 - 4*s - 21*s**3 + 3 - s**2. Determine y(2).
-1
Let r(z) be the second derivative of 11*z**5/10 + z**3/6 - z - 116. Suppose 5*l = 4*y + 5 - 1, 5*y + 5*l + 5 = 0. Determine r(y).
-23
Let i(p) = -3*p**2 - 23*p + 26. Let b(q) = -2*q**2 - 15*q + 17. Let a(x) = 8*b(x) - 5*i(x). Suppose -12 = -o + 3*o. Calculate a(o).
0
Let p be 90/(-54) + 20/3. Let a(w) be the second derivative of 5/6*w**3 - 3*w + 1/20*w**p + w**2 + 0 - 1/2*w**4. What is a(4)?
-10
Let d(u) = 3*u - 11. Suppose 1 = -2*l - 3*b + 31, 0 = -4*l - 5*b + 56. What is d(l)?
16
Let k(t) be the first derivative of t**4/4 - 16*t**3/3 + 15*t**2/2 + 3*t - 5. Let f be k(15). Let m(x) = -2*x - x - 1 - 3 + 2*x**2. Calculate m(f).
5
Let g(a) be the first derivative of 1/40*a**6 + 0*a + 0*a**5 - 2 + 1/6*a**3 + 0*a**4 + a**2. Let q(p) be the second derivative of g(p). Give q(1).
4
Let b(v) = -11*v**2 - 2*v - 9. Let n(s) = 6*s**2 + s + 4. Let z(a) = -4*b(a) - 9*n(a). Let r be (52/(-7))/(4/(-14)). Let q = 25 - r. Give z(q).
-9
Let c(n) = n**3 + 7*n**2 - n - 14. Let b be ((-2)/2)/((-5)/(-70)*2). What is c(b)?
-7
Suppose -8 + 14 = -2*h - 5*r, -5*h - 4*r + 2 = 0. Let f(w) = w**3 - 2*w**2 - 2*w + 2. Give f(h).
-2
Let f(k) be the second derivative of 7*k**3/6 - 3*k**2/2 + 13*k. Give f(2).
11
Let d(m) = -m**2 - 9*m + 16. Suppose 31*x - 30*x = -11. What is d(x)?
-6
Let r(z) = 2*z - 4. Let l = -59 + 63. Let a(i) be the second derivative of i**3/3 - 5*i**2/2 + 2*i. Let v(k) = l*r(k) - 3*a(k). Calculate v(2).
3
Let d(c) = c**3 - c**2 - 3*c - 4. Let p(z) = z**3 - z**2 - 4*z - 5. Let l(g) = 3*d(g) - 2*p(g). Determine l(3).
13
Let q(s) = -s**3 - 6*s**2 - 13*s + 10. Let t(f) = -f**3. Let r(b) = -q(b) + 2*t(b). Calculate r(8).
-34
Let o(y) = y**2 - 8*y - 12. Let h = 71 + -54. Suppose -h*k - 9 = -18*k. Give o(k).
-3
Let s(a) = -a + 12. Let g be (-40 - -48) + (-3)/1. Calculate s(g).
7
Let w(f) = f**3 + 376*f - 381*f - 3*f**2 - 97 + 0*f**3 + 98. Let a = 0 + 4. Calculate w(a).
-3
Let m(i) = -i**3 + 17*i**2 + 2*i - 23. Let v = -1212 - -1229. Give m(v).
11
Let z(p) = -p**2 + 15*p + 17*p + 7 + 13*p - 37*p. What is z(9)?
-2
Let h = 5 - 3. Let w(l) = -2*l - l**h + l - 2 - l. Let r = 687 - 689. Determine w(r).
-2
Let m(f) = 13*f + 11*f - 19*f - 7 + 4*f - 2*f**2. What is m(3)?
2
Let c(w) = 5 - 6*w**2 - 12 + 6 - 3*w. What is c(-2)?
-19
Let c(q) be the second derivative of -1/20*q**5 + 3/4*q**4 + 2 + 5/3*q**3 - 3*q**2 - 18*q. What is c(10)?
-6
Let h be (3 - 2) + 0 + (-9 - -5). Suppose 13 = 5*d + 3. Let w(c) = -c - d*c**3 + 3 + 3*c**2 + 2*c**3 + c**3. Give w(h).
6
Suppose -5*p = -0*p - 15. Suppose -p*u + 8 - 26 = 0. Let j(f) be the third derivative of f**5/60 + f**4/6 - 4*f**3/3 - 4*f**2. Calculate j(u).
4
Let y(f) = 24*f + 30. Let l(b) = 11*b + 12. Let p(o) = -13*l(o) + 6*y(o). What is p(-21)?
3
Let o(x) = -x**2 + 8*x - 1. Let k be 10/15 + (-12)/(-9). Let t(j) = -5*j**2 + 33*j - 3. Let f(m) = k*t(m) - 9*o(m). Determine f(-5).
8
Let c = 51 + -29. Suppose 0 = 5*v + 7 - c. Let n(y) = -11*y**2 + 7*y - y**3 + 6*y**2 + y**2 + v. Give n(-5).
-7
Let v(u) be the first derivative of -u**4/4 - 7*u**3/3 + 4*u**2 + 2*u + 3. Let j be v(-8). Let q(a) = 14*a + 3 - a**2 - 11 + j - 7*a. Determine q(4).
6
Let q be (-77)/22*((-10)/14 + -1). Suppose -6 = -5*v + 2*v. Let b(a) = v*a + q - a + a - 3*a. Determine b(5).
1
Suppose -33*y = -20*y + 104. Let g(i) = 4*i - 6. Calculate g(y).
-38
Let j be (-24)/84 - (-1)/((-7)/(-2)). Let v(i) = -i**3 - i**2 - 4. Calculate v(j).
-4
Suppose 3*g = -5*j + 46, -43 = -3*j + g - 21. Let r(p) = -4*p + 25. Determine r(j).
-7
Let p = 1990 + -1989. Let y(f) = -9*f - 4. Determine y(p).
-13
Let k = 40 + -49. Let c(t) = -t**